 18. Let k be i(5). Suppose 0 = 6*q + k + 47. What is the units digit of (4/q)/((-12)/120)?
4
Let m = 21 + -53. Let u = -29 - m. What is the units digit of u?
3
Let i(d) = -5*d**3 - d**2 - d. Let b be i(-2). Let c = 1 - -1. Suppose 4*x - 80 + 12 = c*f, -3*f = -2*x + b. What is the units digit of x?
6
Let t be (11 + -8)*(-70)/3. Let i = 152 + t. What is the units digit of i?
2
Suppose -2*u + 510 = 4*n, -7*u + 4*u + 4*n = -805. What is the units digit of u?
3
Suppose -w = 13 - 139. Suppose w = 11*l - 292. What is the units digit of l?
8
Let j(n) = 4*n - 25. Let k be j(9). Let a = 205 + k. What is the units digit of a?
6
Let p = -834 + 1602. What is the units digit of p?
8
Suppose -5*q = 4*u + 345 - 60, 0 = -4*q - u - 228. Let j = 105 + q. What is the units digit of j?
8
Suppose 4*z - o = 2*o + 4705, 0 = -5*o + 25. What is the thousands digit of z?
1
Suppose 0 = b - 3, -2*w + 172 = -6*w + 4*b. Let y = -37 - w. What is the units digit of y?
3
Let s(k) = 2*k**2 - 7*k + 3. Suppose 4 = -3*v + 7. Let h be 2/(-2) - -7 - v. What is the tens digit of s(h)?
1
Let d(g) = -g**3 - 10*g**2 - 18*g - 13. Let b be d(-8). Suppose 0 = -b*z, o + 4*o = 5*z + 225. What is the tens digit of o?
4
Suppose f - 5*s = 244, 2*f + 4*s = 662 - 160. What is the tens digit of f?
4
Let q be ((-23)/(-92))/(4/(-128)*-2). Suppose -5*k - 218 = 7. What is the units digit of (-2)/q + k/(-2)?
2
Let h = 0 - -7. Suppose -3*z = -5*w - 350, 4*z - 4*w - 457 = -h*w. Suppose 2*p + 5*m = z, -p - m + 30 = -4*m. What is the tens digit of p?
4
Suppose 0 = -5*w + 85 - 1205. What is the hundreds digit of 4 + 0/6 - w?
2
Let j(l) = l**3 + 9*l**2 - 5*l - 4. Suppose -3*q = -3, 2*c - q = -c - 19. What is the units digit of j(c)?
4
Suppose 6*r = l - 177, 3*l - 12*r - 531 = -15*r. What is the hundreds digit of l?
1
Suppose -5*i - 4*h + 4 = -2*i, h - 1 = 0. Suppose -4*l = -3*l - 3*z - 165, -4*z + 20 = i. What is the tens digit of l?
8
Suppose 0 = -2*y - r + 1128, 0 = -0*y - 4*y + 2*r + 2256. What is the units digit of y?
4
Let i(y) = 6*y**2 + 3*y. Let h be ((-14)/(-21))/((-2)/9). What is the tens digit of i(h)?
4
What is the tens digit of (-197474)/(-62) - (-46)/(-713)?
8
Let x(u) = -5*u**2 - 13 - 3*u**2 + 3*u**2 - 7*u + 3*u**2. Let k be x(-6). Let b = k - -65. What is the units digit of b?
2
Suppose 8*q = 5*q + 12. Let l(d) = -11 + 22 + q*d - 4. What is the tens digit of l(3)?
1
Suppose 27*g = 38158 - 520. What is the hundreds digit of g?
3
Suppose 14*n - 20*n = -1404. What is the units digit of n?
4
Let f = 2992 + -1557. What is the units digit of f?
5
What is the units digit of (-639)/(-7) - (-16)/(-56)?
1
Let w be (-21)/35 - 476/(-10). Suppose -3*d = -w - 112. What is the units digit of d?
3
Let u(w) = 6*w**3 + w**2 - 4*w + 3. Let k be u(1). Suppose 0 = -k*y + 9*y - 30. What is the tens digit of y?
1
Let d(b) = -2*b**3 - 3*b**2 - b - 1. Suppose i + 3*i + 12 = 0. What is the tens digit of d(i)?
2
Suppose -2126*h - 4610 = -2131*h. What is the hundreds digit of h?
9
Let u(c) = -c**2 + 6*c - 5. Let j be u(6). Let b(m) = m**2 - 2*m + 4. Let q be b(j). Suppose z - q = -5*h, -1 = 5*z - 4*z. What is the units digit of h?
8
Let l(g) = -g**3 + 17*g**2 - g - 1. Let q be l(17). Let p(m) = -5*m - 32. What is the tens digit of p(q)?
5
Suppose 3*k + 5*i - 291 = 0, -5*k = 4*i + i - 485. Let f = k + -56. What is the units digit of f?
1
Let i = -10 + 4. Let m be (-399)/2 + 3/i. What is the units digit of (4/(-10))/(5/m)?
6
Let a(u) = 8 + 70*u - 4 - 6*u - 8. What is the units digit of a(1)?
0
Let b(z) = z**2 - z + 4. Let r(n) = n + 2. Let g(t) = t + 1. Let a(h) = 6*g(h) - 5*r(h). Let d be a(4). What is the units digit of b(d)?
4
Let h = 2 + 3. Suppose -2*q - 4*f = -7*f - 12, 0 = -h*q - 5*f + 30. Suppose -q*o + 4*o - 2*z + 38 = 0, 5*o - 5*z = 125. What is the tens digit of o?
2
Let m be 2/8 + (-21)/(-12). Suppose 20*q = 9*q + 297. Suppose y = q + m. What is the tens digit of y?
2
Suppose -4*n + 6*n = -3*o + 18, 12 = 4*n. Suppose 6*v = o*v + 16. What is the units digit of (v/(-12))/(1/(-6))?
4
Let z(f) = -20*f + 1. Let m(q) = 280*q - 15. Let x(c) = -4*m(c) - 55*z(c). What is the hundreds digit of x(-5)?
1
Suppose 0 = g - 32 - 87. What is the units digit of g?
9
Suppose -4*s + 186 + 882 = 0. Suppose -15 = 4*b - s. Suppose 123 = 5*f + 4*w, 2*f - b = w + 2*w. What is the units digit of f?
7
Let l(z) = -184*z - 320. What is the tens digit of l(-10)?
2
Suppose 0 = -5*v + 4*a + 378 + 701, 4*v - 892 = -4*a. What is the tens digit of v?
1
Suppose 110*g - 82*g = 36820. What is the units digit of g?
5
What is the units digit of 8/144*-6*(-68 + 2)?
2
What is the hundreds digit of (-184)/(-40) + -5 - (-2564)/10?
2
Let d be 6/((-6)/5) - -3. What is the units digit of (-260)/(-22) + d/(-11)?
2
Let p be -3 - 1*-11179 - -4. Let z be p/70 + 2/7. Suppose -2*s + z = 2*s + 3*h, 62 = 2*s - 3*h. What is the units digit of s?
7
Let c = 273 + -210. What is the tens digit of c?
6
Suppose 0 = -14*x + 14390 + 3208. What is the thousands digit of x?
1
Let t(v) = 3*v. Let y = 3 - 3. Suppose 2*c - 2 + 0 = y. What is the units digit of t(c)?
3
Let g = 22 - 31. Let o(i) = 2*i**2 + 15*i + 29. What is the tens digit of o(g)?
5
Let c(r) = r**3 + 6*r**2 - 3*r - 6. Let l be c(-4). Suppose -71 - l = -w. What is the units digit of w?
9
Let r(g) = g**2 - 5*g + 9. Let u be r(4). Suppose -u*p + 405 + 200 = 0. What is the tens digit of p?
2
Let c(x) = 51*x**2 + 5*x + 4. Let v = -30 + 28. What is the hundreds digit of c(v)?
1
Suppose -6 = -4*x - 18. What is the units digit of ((x - -2)*-40)/2?
0
Let o = 1815 + -660. Suppose -5*x + 0*x = -o. What is the units digit of x?
1
Let w = 1 - 1. Suppose 35*k - 34*k = 16. Let h = k + w. What is the tens digit of h?
1
Let v = -1 + 1. Suppose -g = -v*g. Suppose g = 4*q + q - 80. What is the units digit of q?
6
Let g be 2/(-13) - (-3024)/52. Suppose 3*f = -2*z + g, -4*f = -2*f + 5*z - 35. What is the tens digit of f?
2
Let c = 135 - 133. Suppose 4*b = -c*b + 1272. What is the units digit of b?
2
Suppose -3*u + 1187 = 2*h, 3*u - 2*u + 2395 = 4*h. What is the tens digit of h?
9
Suppose 5*w - 10*w = 0. Let s be w*(1 + 12/(-8)). Suppose s = -2*b + 176 - 70. What is the tens digit of b?
5
Let k(n) = n**2 + n - 6. Suppose 2*x + x + 3*v - 3 = 0, -2*v + 2 = -2*x. Let m be k(x). What is the units digit of ((-138)/9)/(2/m)?
6
Let x = -35 - -37. Suppose -x*t = 6*t - 1096. What is the tens digit of t?
3
What is the units digit of (-241527)/(-132) - (-2)/8?
0
Suppose -27*g + 21*g = 6. What is the units digit of 276/(g - (-15)/6)?
4
Let w(j) = -9*j**3 - 3*j**2 + j + 6. What is the tens digit of w(-2)?
6
Let n = -5 + 2. What is the tens digit of 469/5 + -3 - n/15?
9
Let x(l) = -198*l - 11. What is the hundreds digit of x(-1)?
1
Suppose -2*r - 5 = -c, 1 + 0 = r. Let d = c - 3. What is the units digit of 42/d*16/12?
4
Let v(h) = 37*h - 87. Let q(f) = -12*f + 29. Let z(k) = 11*q(k) + 4*v(k). What is the hundreds digit of z(10)?
1
Suppose -5*q = 2*h, -2*h - 2*h = -3*q. Suppose q = -3*o - t - 9, 5*o - 4*t + 2*t + 26 = 0. What is the tens digit of (11/o)/((-4)/16)?
1
Let v(n) = 281*n - 38. What is the units digit of v(3)?
5
Suppose 0 = -3*a - 9, 4*h - 1594 - 1235 = -a. What is the tens digit of h?
0
Suppose -2*a + 3 + 1 = 0. Suppose -a = -f + 2. What is the tens digit of (-14)/f*(-20)/5?
1
Let x(r) = r + 34. Let v be x(0). Let n = 69 - v. What is the tens digit of n?
3
Suppose 3*f - 5*v = -2*v + 150, 130 = 3*f + v. What is the tens digit of f?
4
Suppose 18*i + 3240 = 20*i. What is the units digit of i?
0
Suppose -o + 6 = -7. Let f = o + -5. Suppose 0 - f = -2*j, 4*q = 4*j + 8. What is the units digit of q?
6
Suppose 7*x = 17*x. Let u(n) = n**3 - 2*n + 216. What is the units digit of u(x)?
6
Suppose d - 1 - 3 = 0. Let i(s) = s**3 - 4*s**2 + 3. Let a be i(d). Suppose a*m - 32 = m. What is the tens digit of m?
1
Let o be (-2)/(-2*(-3)/(-6)). Suppose -27 = 3*h - o*i, -9 = 3*h - 2*h + 5*i. Let u(d) = -d + 4. What is the tens digit of u(h)?
1
Suppose 0 = -2*n - 0*n - 4. Let w(v) = -v**3 - 2*v**2 + 2. Let j be w(n). Suppose 3*r - 5*k - 6 = 0, 5*r - 10 = -j*k + k. What is the units digit of r?
2
Suppose -f - i - 64 = -4*i, -5*f - 348 = -i. Let n = 9 - f. What is the units digit of n?
9
Let p be (-1 - 3)*260/(-208). Suppose 5*h - 2*h = 0. Suppose -p*a +